*l = 1173, -1164 = -4*g - l + s*l. Calculate the remainder when g is divided by 59.
56
Let f = 10868 - -1712. Calculate the remainder when f is divided by 18.
16
Suppose 0 = 4*h - 447 + 183. Let s = h + -56. What is the remainder when s is divided by 1?
0
Suppose 2*m - 19 = 75. Calculate the remainder when m is divided by 11 + (-3 - -9) + 0.
13
Let w = 57 - 52. Suppose 348 - 213 = w*j. What is the remainder when j is divided by (0 - (-2 + 0)) + 6?
3
Let p(z) = 2*z**2 + 2*z - 12. Let f be p(-5). What is the remainder when 8 is divided by (-132)/f + 5 + 54/7?
0
Calculate the remainder when 236 is divided by 6/(12 - (-475)/(-28) - -5).
68
Let r(g) = -2*g**2 - 96*g + 350. What is the remainder when 571 is divided by r(-51)?
43
Let p be ((-12)/(-21))/(4/14). Suppose h + 2*s = 13, -3*h - p*s + 37 = 3*s. Calculate the remainder when 1/(((2 + -1)/23)/1) is divided by h.
5
Suppose 4*z = -17*u + 18*u - 6309, -5*u + 31420 = 5*z. What is the remainder when u is divided by 26?
23
Suppose 0 = -3*o + 2*v + 385, -154 = -o - 2*v - 31. Let c be -2*(215 + -6) + (1 - 0). Let u = c + 461. What is the remainder when o is divided by u?
39
Suppose 18 = 3*g - 3*l, g - 5*l = -l + 3. Suppose 564 = g*v - 3. What is the remainder when v is divided by 49?
32
Let c(b) = b**3 + 7*b**2 - 5*b - 20. Calculate the remainder when 36/(-27) - (2236/(-3) + 9) is divided by c(-6).
45
Suppose 67*q - 433998 - 259720 = 0. Calculate the remainder when q is divided by 9.
4
Suppose 8*o - 2*s - 1372 = 0, -3*s + 678 = 5*o - o. Calculate the remainder when ((-288)/15)/(o/60 - 3) is divided by 32.
0
Let c(v) = -v**2 - v. Let s(m) = -2*m**2 - 32*m + 23. Let y(i) = 3*c(i) - s(i). What is the remainder when 167 is divided by y(28)?
2
Let g = 781 - 271. Suppose 0 = 14*s - 9*s - g. Suppose 4*p - 85 = -l, -5*p + 3*l = -0*l - s. Calculate the remainder when 37 is divided by p.
16
Suppose 2*c = -3*u + 53, -2*c - 16*u = -11*u - 47. Calculate the remainder when 520 is divided by c.
24
Let n be 5 + -6 - 5/((-25)/15). What is the remainder when 341 is divided by ((-9)/(45/(-10)) - n) + 57?
56
Let v = 182 - 66. Suppose -2*t = 2*w - 14, 12 = -5*w + 3*t + 7. Suppose 3*h + q + 43 = v, -w*q = -2. Calculate the remainder when 189 is divided by h.
21
Let k = 481 - 465. Calculate the remainder when 845 is divided by k.
13
Let j be 8 + (-162)/(-3) - 1. Suppose -112 = -2*n - 2*k, 3*n = -4*k + 107 + j. Calculate the remainder when n is divided by 5.
1
Calculate the remainder when 887 + -8 - 1 - 1 is divided by 88.
85
Let w(p) = -22*p - 67. Let k be w(-9). Suppose -k = r - 168. Let a = -10 + r. Calculate the remainder when a is divided by 15.
12
Suppose 0 = 134*t - 286307 - 99479. What is the remainder when t is divided by 10?
9
Let q(k) be the third derivative of k**6/120 + 7*k**5/15 - 3*k**4 - 41*k**3/6 + 2*k**2 - 126*k. What is the remainder when q(-30) is divided by 81?
76
Let j be -6 - (-152)/24 - (-328)/6. Suppose 3*i - 5*r - 157 = -r, -i + j = -4*r. What is the remainder when 198 is divided by i?
45
Let m be (-48)/(-14)*(-133)/(-95)*-45. Let w = 237 + m. What is the remainder when 138 is divided by w?
12
Suppose q = -4*i + 763, 60*q = 58*q - 2. Calculate the remainder when i is divided by 3.
2
Suppose -16*n + 131 + 72 = -69. What is the remainder when 1171 is divided by n?
15
Let n(h) = 163*h - 1331. What is the remainder when n(19) is divided by 19?
18
Suppose -5*x = 3*j + 2*j - 20, j + 2*x = 6. What is the remainder when 130 is divided by (5 - 10) + 69 - (-6)/j?
63
Let x(q) = q**3 - 10*q + 3. Let l be x(3). Suppose l = 5*z + i + 7 + 151, -5*i = -10. Let b = z - -69. Calculate the remainder when b is divided by 22.
15
Suppose 155 = -4*g + 907. What is the remainder when g is divided by 53?
29
Let c(w) = w. Let u be c(3). Suppose 15 = 8*i - u*i. Suppose -2*d + 157 = 3*f, i*d + 5*f + 5 - 240 = 0. What is the remainder when d is divided by 27?
26
Let z = -2958 - -2966. Calculate the remainder when 1177 is divided by z.
1
Let v(z) be the first derivative of -z**2/2 - 11*z - 27. Let t be v(-4). Let q = t - -30. Calculate the remainder when 87 is divided by q.
18
Let r(m) = 14*m**3 - 2*m**2 + 2*m - 1. Let z be r(1). Suppose v = -z*v. Suppose -58*o + 59*o - 150 = v. What is the remainder when o is divided by 38?
36
Suppose -y = 5*m - 4*y - 3175, -2*y = -2*m + 1274. Suppose 4*w - 672 = 3*t - 48, -4*w + 5*t = -m. What is the remainder when w is divided by 43?
24
Let w(l) = l**2 + 2. Let k be w(0). Let y = -847 + 847. Suppose 3*g - 4 = 4*g, y = -h - 5*g + k. Calculate the remainder when 106 is divided by h.
18
Suppose 883*p + 22687 = 932*p. What is the remainder when p is divided by 38?
7
Let l = 14 + 64. Suppose 466 = 8*h - l. Let g = 132 - h. Calculate the remainder when g is divided by 5.
4
Let l = 243 + -234. What is the remainder when 20 + (-3)/(3 + l/(-4)) is divided by 3?
1
Let o(y) = -10*y**3 - 7*y**2 + 24*y - 77. Calculate the remainder when o(-8) is divided by 29.
24
Suppose -5*l + 8 = -17. Let b(c) be the second derivative of -c**4/6 + 17*c**3/6 - 2*c**2 - 35*c + 19. What is the remainder when b(l) is divided by 8?
7
Let h be 20/3*180/(-100). What is the remainder when (6/h - 5)*-36 is divided by 97?
4
What is the remainder when 3498 is divided by (-2 - (-22)/(-4))/(12015/(-324) - -37)?
78
Let z(u) = u**3 - 47*u**2 - 186*u - 24. What is the remainder when z(53) is divided by 75?
72
Let y be (-37)/(3/(-105)*-7). Let o = y - -223. What is the remainder when 186 is divided by o?
34
Let g(s) = -s + 1. Let v be 1*(0 - -6)/(-2). Calculate the remainder when 1*2 + (-16)/(-4) is divided by g(v).
2
Let h = 313 + -69. Suppose 151*k - 18469 = -5332. What is the remainder when h is divided by k?
70
Suppose 29672 + 1478 = 10*x. Calculate the remainder when x is divided by 76.
75
Let t(l) = 4*l**2 - l - 1. Let b(y) = -y**3 + 5*y**2 + 4*y - 17. Let j be b(5). What is the remainder when 57/(-9)*(-3 - j) is divided by t(2)?
12
Suppose -3*v + 5*i + 203 = i, -4*v = -5*i - 269. Suppose 4*z + 2304 = 22*z. Suppose 23*h = 15*h + z. Calculate the remainder when v is divided by h.
13
Let l(y) = 3*y**2 + 6*y - 3. Let g be l(-3). Suppose 1284 = 18*u - g*u. Calculate the remainder when u is divided by 36.
35
Let m = 52 - 18. Suppose -f + m = -4*w, -f = -0*w + 3*w - 6. Let r = f - -15. Calculate the remainder when r is divided by 12.
9
Suppose -2*l - 39 + 538 = -m, 0 = -l - 5*m + 255. Calculate the remainder when l is divided by 178.
72
Suppose 0 = -49*m + 9635 + 16487 - 7698. Calculate the remainder when 436 is divided by m.
60
Suppose 3*o = 2*i - 436, i + o = 2*o + 219. What is the remainder when 230 is divided by i?
9
Let t(v) = -2*v + 4. What is the remainder when (1/4 + 39/(-12))*156936/(-9054) is divided by t(-4)?
4
What is the remainder when 4828 is divided by 115/(-2)*600/(-750)?
44
Let m = 1155 + -755. Calculate the remainder when 13 is divided by ((-1)/4)/(5*(-4)/m).
3
Suppose -15*f + 3*t = -12*f - 390, 2*f = -t + 275. What is the remainder when 501 is divided by f?
96
Let s(y) = -6*y + 2. Let j be s(-3). Suppose 0*l = -4*l + j, -3*l = -4*r + 37. Calculate the remainder when 47 is divided by r.
8
Let a(o) = -23*o + 61. Calculate the remainder when a(-3) is divided by 52.
26
Suppose -1513 = -27*d - 62*d. Calculate the remainder when 91 is divided by d.
6
Suppose 554 = 37*j - 1222. What is the remainder when j is divided by 29?
19
Let w = 26939 - 26799. What is the remainder when 1054 is divided by w?
74
Let x(z) = 2*z**2 - 47*z + 50. Let i be x(23). Suppose 2*a = 3*r + i, -a + 25 = 4*r - 5. Calculate the remainder when 267 is divided by a.
15
Suppose 0 = -c - 3*r - 2*r - 14, 8 = 4*c + 4*r. Suppose c*d = 7*d - 77. What is the remainder when d is divided by 26?
25
Let y = 475 - 418. Suppose -4*p + 4*m - 13 + y = 0, 3*m - 17 = -2*p. Calculate the remainder when 118 is divided by p.
8
Suppose -3*v - 1108 = -4*i, 4*i - 1142 = -4*v - 6. Calculate the remainder when 497 is divided by i.
217
Let i(v) = 234*v - 7237. Suppose 0 = -3*a - 0*a + 93. What is the remainder when a is divided by i(31)?
14
Let c(l) = 6*l - 13. Suppose 4*z - 11 = 3*r, -4*r - 2 - 6 = -4*z. Suppose 19 = b - 4*w, r*w - 2*w = 5*b - 19. Calculate the remainder when c(b) is divided by 4.
1
Let i be (90/15)/(1 + 2). Let d(j) = -10*j + 23. What is the remainder when